 be b(2). Give n(x).
6
Let z(w) = w**2 + 24*w - 1. Let y(x) = 9*x**2 - 246*x. Let u(m) = y(m) + 6*z(m). Give u(7).
15
Let p(x) = -5*x**2 + 4*x + 13 - 9*x - 23. Let g(j) = 4*j**2 + 5*j + 8. Let t(d) = 3*g(d) + 2*p(d). What is t(-3)?
7
Let r(w) = -w + 13. Suppose -x + 15 = -l, 100 = 5*x + 5*l - 15. Let s(t) = -7*t + 143. Let y be s(x). Give r(y).
3
Let m(o) = o + 3. Let j(r) be the first derivative of -15*r**2/2 - 31*r + 22. Let q(s) = 22*s + 46. Let d(x) = 7*j(x) + 5*q(x). Let c be d(-4). What is m(c)?
-4
Let m(v) = -v**3 + 8*v**2 + 8*v + 12. Suppose -4184 + 1700 = -627*l + 3786. What is m(l)?
-108
Suppose -6*g + 24 = -2*g. Suppose -10 = j - g*j. Let x(l) = 11*l**2 - 7*l - 17*l**2 + 4*l**j + 7 + 3*l**2. Give x(5).
-3
Let a(k) = -k**3 - 9*k**2 - 10. Let g = 14 - 129. Let d = 106 + g. What is a(d)?
-10
Let w(f) = -6*f**3 + 13*f**2 + 14*f - 41. Let d(h) = -h**3 - 6. Let n(x) = 5*d(x) - w(x). Determine n(14).
11
Let g(b) be the third derivative of -b**4/6 + 4*b**3 - 17*b**2 - 3. What is g(11)?
-20
Suppose -106 + 15 = -7*i. Suppose 3 - i = -5*q. Let n(z) = z**3 + 4 - 2*z + 3*z - 4*z**2 + q*z. What is n(3)?
4
Suppose -14*s - 24 = -10*s. Let l(p) = -5*p - 6. Let t(m) = -14*m - 17. Suppose -82 = 4*d - 14. Let v(c) = d*l(c) + 6*t(c). What is v(s)?
-6
Let w(l) = 5*l**2 + l + 1. Suppose 2*o + a - 9 = 0, 5*a + 13 = 8. Suppose o*f = -20 + 5. Determine w(f).
43
Let q(s) = s**2 + 95*s - 2863. Let i be q(24). Let r(t) = t**3 + 5*t**2 - 3*t - 6. Give r(i).
-83
Let z(s) be the second derivative of -4*s**3 + s**2/2 - 2*s + 2. Determine z(1).
-23
Let x(s) = 484*s + 0 + 2 + 0 + 1 - 486*s. Let y be (-1)/(-3) - 2/6. Let f = 4 + y. Give x(f).
-5
Suppose 14*j + 18 = 88. Let q(v) = -v**2 + 10*v + 2. What is q(j)?
27
Let r(o) = -10*o + 2. Let k(q) = -2*q + 1. Let f(w) = -6*k(w) + r(w). What is f(4)?
4
Let g(r) = r + 1. Let j(d) = 6*d - 1. Let u be 1 + 0 + ((-5)/5 - 4). Let q(b) = u*g(b) + j(b). Suppose 4*a + 2*y = 8, 3 = a - 4*y - 17. Calculate q(a).
3
Let s = -7 - -3. Let d(f) = -8*f - 158. Let n be d(-24). Let i(b) = -5 + n*b**2 + 3*b - 68*b**2 + 35*b**2. Calculate i(s).
-1
Let a(c) = -c**3 + 2*c**2 - 1. Suppose 6*h - 51 + 39 = 0. Suppose -9 = h*q - 11*q. What is a(q)?
0
Let g(n) = 9*n**2 - 34*n - 9. Suppose 5*o = -c - 41, c - o + 5 = 18. Determine g(c).
-1
Let t(z) = -z**2 + 12*z + 9. Let b(d) = 63*d - 1878. Let j be b(30). Determine t(j).
9
Let y(b) be the second derivative of b**4/6 + b**3/2 - b**2/2 + b. Let j(f) = 500*f + 13496. Let v be j(-27). Give y(v).
19
Let k(i) be the third derivative of -i**5/60 + i**4/8 + 2*i**3/3 + 431*i**2. Suppose -c = -2*c + 8. Suppose -q = -2*s - 17, c = -4*s - 12. Determine k(q).
-24
Let t = -34 + 300. Suppose -266 = 4*c - t. Let b(z) = -z**3 - z**2 - z + 1. Give b(c).
1
Suppose 0*y + 2 = y. Let q(w) = -4 + 6 - 3 + y*w. Let v be 1*((-2)/(-19) - (-105)/(-95)). What is q(v)?
-3
Let f(r) = -2*r**2 - 6*r - 9. Suppose -112 = -281*b + 297*b. Determine f(b).
-65
Let m(s) = -s**2 - 19*s + 62. Let x be m(-27). Let q = 146 + x. Let g(a) = a**3 + 9*a**2 + 5*a - 4. Determine g(q).
20
Let z(x) = x**2 + 50*x + 555. Let g be z(-17). Let f(o) = o**3 + 6*o**2 - 2*o + 14. What is f(g)?
26
Let k(j) = -9*j**2 - 9*j + 23. Let p(f) = -16*f**2 - 17*f + 38. Let x(z) = -7*k(z) + 4*p(z). Give x(-4).
-5
Let h(d) = d**3 + 8*d**2 + 5*d + 25. Let g(x) = 6*x**3 + 47*x**2 + 25*x + 125. Let s(f) = -2*g(f) + 11*h(f). Determine s(-5).
-25
Let h be (7/49 + -1)*28*3/(-4). Let z(o) = -2*o + 24. Calculate z(h).
-12
Let o(b) be the first derivative of -3*b**3 + 25*b**2/2 - 2*b + 7550. Calculate o(3).
-8
Let b(d) = d**3 - 24*d**2 + 40*d + 91. Let q be b(22). Let j(p) = -5*p - 6. What is j(q)?
-21
Let j(g) be the first derivative of 5*g**2/2 - 21*g - 6619. Calculate j(17).
64
Let n = -1518 - -2969. Let q(b) = -n*b + 3 + 2904*b - 1452*b. Give q(-6).
-3
Let q(a) be the second derivative of 17*a**3/6 - 103*a**2/2 - 1896*a. Give q(6).
-1
Let b(f) = -f**3 + 48*f**2 + 1027*f + 38. Let v be b(-16). Let w(y) = 5*y + 49. Give w(v).
-1
Let t(c) = 52*c + 1239. Let j be t(-24). Let r(z) = -z**3 - 7*z**2 + 10*z - 1. Calculate r(j).
71
Let o = 147 + -102. Suppose 5*q + o = 4*l, 8*q + 4 = 4*q. Suppose 2*t + l = 4*t. Let b(k) = k**2 - 2*k - 4. Calculate b(t).
11
Let q = -70 + 119. Suppose 4*d - q = -13. Let n(b) = d + 0*b + 8 - 2*b - 11. Calculate n(4).
-2
Let m(n) be the first derivative of -n**3/3 + n**2/2 + 3*n + 99. Suppose 3*x - 4*g = g + 20, 2*x = -5*g - 20. Give m(x).
3
Suppose 2*p = 8, 2*x - 3*x = -3*p + 8. Let w(v) = -27 + 2*v**2 - x - 7*v + 32. What is w(3)?
-2
Suppose -32*d - 585 = 7*d. Let c(o) = o**3 - 10*o**2 - 3*o + 11. Let u be c(10). Let p = d - u. Let r(l) = -l**2 + 4*l + 3. Give r(p).
3
Let n be (25/(-4))/(-5) + (-3)/(-4). Let c(x) = 118*x + 4 + n*x**2 - 219*x + 108*x - x**3. Determine c(4).
0
Let f(r) = -2*r**3 - 30*r**2 + 27*r - 70. Let a be f(-16). Let p(m) = 42 + 11*m**3 - 4*m - 3*m**2 - a*m**3 - 16 - 21. Calculate p(3).
-7
Let m(z) be the third derivative of z**6/120 - 19*z**5/60 - 4*z**3/3 + 11976*z**2. What is m(19)?
-8
Suppose 41 = 735*q - 775*q - 39. Let u(f) = -10*f**3 - f**2 + 7*f + 10. Calculate u(q).
72
Let z be (-15)/2*1/((-3)/2). Let s = -29 + 30. Let j(f) = 5 - f - s + 8. Calculate j(z).
7
Let r = 25 + -24. Let m(g) = g + 14*g**2 + g + 0*g + r - 3*g. Suppose -5*a + 12*a - 7 = 0. What is m(a)?
14
Let w(y) = 5*y + 8. Let x be 6/45 - ((-364)/(-210))/13. Calculate w(x).
8
Suppose n - 5*y = -10, -n + 3*y + 0 = 4. Suppose 0*m + 4*m - 3*v - 18 = 0, 3*v + 12 = 3*m. Let o(c) = -7 + m*c**2 + 2*c**2 - 4*c - 7*c**2. What is o(n)?
-2
Let o(a) = a**2 - 2*a - 4. Let w be o(-5). Let b(j) = -w*j - 3*j**2 + 1 - 1 + 32*j. Let n(r) = -2*r**2 + 4*r + 1. Let l be n(2). Give b(l).
-2
Let x(u) = u**3 - u**2 - u - 6. Let w = 1425 - 1425. Determine x(w).
-6
Suppose -v = -6*v - 10. Let o be 2/v + -7 + 3. Let s(u) be the third derivative of -u**5/60 - u**4/3 - u**3/3 - u**2 - 1383*u + 2. What is s(o)?
13
Let f(n) = -n**3 - 5*n**2 - 2*n + 8. Suppose -15 + 19 = -2*c, 3*t - 5*c = -2. Determine f(t).
0
Let u = -61 + 64. Suppose -5 + 10 = d, -u*d = -q - 12. Let b(r) = -3*r**2 - 1 + 5*r**q - 4*r**3 - r**2 - 3*r. What is b(5)?
9
Suppose -y + 3*y + 32 = 3*r, 4*y + 46 = 3*r. Let j(l) = l**3 - 9*l**2 - 6*l + 146. Determine j(r).
2
Let c(f) = 41*f - 2. Let w(k) = -23*k + 1. Let s(l) = 4*c(l) + 5*w(l). Calculate s(-1).
-52
Let x(h) = -4*h**2 - 3*h + 3. Let i(q) = -17*q**2 - 12*q - 9. Let a(t) = -i(t) + 4*x(t). Determine a(-4).
37
Let z(d) = -129*d + 41*d + 36*d - 84 + 48*d. Determine z(-19).
-8
Let x(m) = 18*m - 14. Let v be x(17). Let l = v + -299. Let c(d) = 2*d**3 + 15*d**2 + 8*d + 10. Give c(l).
3
Let d(w) = -4*w**2 - 74*w - 96. Suppose 6*f + 2*a = 7*f + 9, -3*f - 63 = 3*a. Give d(f).
6
Let o = -659 + 667. Let a(q) = o*q + 20 - 28 - 8*q**2 + 9*q**2. Determine a(-9).
1
Let a = 144500 + -86750. Let m(r) = 57750 - a + 3*r. Give m(-2).
-6
Let h(g) = -3*g + 52. Let z = 1783 - 1767. Determine h(z).
4
Let v be (-290)/(-3) - ((-28)/12 + 3). Let b = v + -95. Let l(g) = -12*g - 1. Determine l(b).
-13
Let p(l) = l - 8. Let d be p(5). Let f be 3/(3/8) - 1. Let o(x) = -1 - x**2 + f + 4*x + 2*x**2 - 3. Determine o(d).
0
Let z(p) = 2*p - 26. Let x be (-3132)/(-2088)*(5/1 + 1). What is z(x)?
-8
Let j(l) be the first derivative of -15 + 1/360*l**6 + 0*l + 0*l**2 + 1/40*l**5 - 1/8*l**4 - 17/3*l**3. Let y(x) be the third derivative of j(x). Give y(-3).
-3
Let q(b) = 55*b + b**3 + 0*b**3 + 54*b**2 - 118 - 40*b - 32*b**2. Determine q(-21).
8
Let w(a) = -14*a**2. Let h = 213 - 212. Suppose -p = 4*i + 6, 3*i + h = -2*p + 3*p. Calculate w(i).
-14
Let i(m) = -2*m**2 - m + 2. Suppose 3*t = 2*t + 8. Let q be -1 + (12/(-20) - t/20). What is i(q)?
-4
Suppose 4*m = -4*g + 24, 4*m + 3*g - 28 = -7. Let d(p) = 2*p**2 - 14 + p + 0 + 73*p**3 - m*p**2 - 72*p**3. Determine d(0).
-14
Let g(w) be the first derivative of 9*w**2 + 47*w + 255. What is g(-2)?
11
Let t(x) be the first derivative of x**5/60 - 5*x**4/24 - 17*x**3/6 - x**2/2 - 11*x + 142. Let m(c) be the second derivative of t(c). Determine m(7).
-3
Let r(q) = 0*q - 5*q**2 + 72*q**3 - 221*q**3 + q + 79*q**3 + 69*q**3 + 7. Suppose 2*u = -3*u + 10. Suppose -12 = u*x - 2. Calculate r(x).
2
Let d(j) be the first derivative of -6*j + 52 - 3/2*j**2. Give d(5).
-21
Suppos